prime factors of 486868?
2, 59, 2063
What are the prime factors of 18916822?
2, 9458411
List the prime factors of 5392676.
2, 37, 83, 439
What are the prime factors of 1822515?
3, 5, 121501
List the prime factors of 372555.
3, 5, 17, 487
What are the prime factors of 7022548?
2, 13, 135049
List the prime factors of 467805.
3, 5, 13, 2399
List the prime factors of 19765131.
3, 53, 124309
What are the prime factors of 345428?
2, 86357
List the prime factors of 581981.
581981
List the prime factors of 1438203.
3, 13, 36877
What are the prime factors of 13708?
2, 23, 149
List the prime factors of 4217440.
2, 5, 43, 613
List the prime factors of 4646821.
4646821
List the prime factors of 1499539.
43, 811
What are the prime factors of 698885?
5, 11, 97, 131
What are the prime factors of 8026125?
3, 5, 17, 1259
What are the prime factors of 11776481?
11776481
What are the prime factors of 114605?
5, 22921
List the prime factors of 540443.
353, 1531
List the prime factors of 1137419.
17, 23, 2909
What are the prime factors of 502057?
502057
List the prime factors of 101329.
107, 947
List the prime factors of 422147.
11, 38377
What are the prime factors of 247894?
2, 17, 23, 317
List the prime factors of 89357.
19, 4703
What are the prime factors of 1411987?
1411987
List the prime factors of 41595.
3, 5, 47, 59
What are the prime factors of 134222?
2, 11, 6101
What are the prime factors of 6230120?
2, 5, 13, 11981
List the prime factors of 1407198.
2, 3, 13, 18041
What are the prime factors of 330346?
2, 165173
List the prime factors of 521506.
2, 260753
List the prime factors of 4886595.
3, 5, 7, 5171
List the prime factors of 16542467.
2371, 6977
What are the prime factors of 715070?
2, 5, 23, 3109
What are the prime factors of 585421?
149, 3929
List the prime factors of 11100609.
3, 13, 17, 5581
What are the prime factors of 15429016?
2, 79, 24413
What are the prime factors of 14921?
43, 347
List the prime factors of 1920510.
2, 3, 5, 2371
What are the prime factors of 6300?
2, 3, 5, 7
List the prime factors of 219356.
2, 29, 31, 61
List the prime factors of 2832184.
2, 354023
List the prime factors of 2562110.
2, 5, 256211
List the prime factors of 12082716.
2, 3, 17, 6581
What are the prime factors of 56075?
5, 2243
List the prime factors of 4148375.
5, 7, 11, 431
What are the prime factors of 2936216?
2, 367027
What are the prime factors of 282670?
2, 5, 23, 1229
List the prime factors of 15562406.
2, 19, 541, 757
List the prime factors of 459645.
3, 5, 30643
List the prime factors of 12595970.
2, 5, 433, 2909
What are the prime factors of 1051784?
2, 73, 1801
What are the prime factors of 1017466?
2, 43, 11831
List the prime factors of 3128410.
2, 5, 312841
What are the prime factors of 778157?
29, 26833
What are the prime factors of 300053?
13, 23081
What are the prime factors of 33398?
2, 16699
List the prime factors of 631406.
2, 315703
What are the prime factors of 622430?
2, 5, 67, 929
What are the prime factors of 60312?
2, 3, 7, 359
List the prime factors of 8041618.
2, 13, 309293
List the prime factors of 23519638.
2, 29, 31, 103, 127
What are the prime factors of 61717?
61717
List the prime factors of 33077.
11, 31, 97
What are the prime factors of 3871170?
2, 3, 5, 43013
List the prime factors of 269747.
107, 2521
What are the prime factors of 2249381?
2249381
What are the prime factors of 21302640?
2, 3, 5, 29587
What are the prime factors of 13672560?
2, 3, 5, 11, 5179
What are the prime factors of 697204?
2, 17, 10253
What are the prime factors of 12465219?
3, 13, 137, 2333
What are the prime factors of 1106711?
79, 14009
List the prime factors of 5969720.
2, 5, 17, 8779
List the prime factors of 350757.
3, 11, 1181
What are the prime factors of 9572678?
2, 47, 101837
List the prime factors of 11147286.
2, 3, 37, 149, 337
List the prime factors of 193973.
13, 43, 347
List the prime factors of 38097.
3, 17, 83
What are the prime factors of 33308383?
47, 708689
List the prime factors of 9270849.
3, 7, 63067
List the prime factors of 2120086.
2, 1060043
What are the prime factors of 369486?
2, 3, 13, 1579
List the prime factors of 715789.
715789
List the prime factors of 1607802.
2, 3, 7, 38281
What are the prime factors of 1325221?
101, 13121
List the prime factors of 497230.
2, 5, 19, 2617
What are the prime factors of 3674648?
2, 29, 47, 337
List the prime factors of 84777.
3, 7, 11, 367
What are the prime factors of 217677?
3, 72559
What are the prime factors of 1595654?
2, 17, 71, 661
List the prime factors of 198971.
198971
List the prime factors of 1225103.
11, 111373
List the prime factors of 1096063.
677, 1619
What are the prime factors of 3824740?
2, 5, 191237
What are the prime factors of 368869?
31, 73, 163
What are the prime factors of 2677716?
2, 3, 74381
What are the prime factors of 4836528?
2, 3, 33587
What are the prime factors of 441694?
2, 11, 17, 1181
What are the prime factors of 1910810?
2, 5, 11, 29, 599
List the prime factors of 1759706.
2, 13, 53, 1277
List the prime factors of 23229.
3, 29, 89
What are the prime factors of 308501?
308501
List the prime factors of 6012.
2, 3, 167
What are the prime factors of 1741352?
2, 41, 5309
List the prime factors of 749631.
3, 79, 3163
What are the prime factors of 26966418?
2, 3, 43, 127, 823
What are the prime factors of 4491809?
7, 19, 33773
What are the prime factors of 686694?
2, 3, 193, 593
List the prime factors of 17251.
13, 1327
What are the prime factors of 67996?
2, 89, 191
What are the prime factors of 289133?
13, 23, 967
What are the prime factors of 2527069?
2527069
What are the prime factors of 9006327?
3, 11, 29, 3137
What are the prime factors of 2757747?
3, 919249
List the prime factors of 2999342.
2, 139, 10789
What are the prime factors of 9702794?
2, 4851397
What are the prime factors of 938745?
3, 5, 23, 907
List the prime factors of 28696.
2, 17, 211
List the prime factors of 17151.
3, 5717
List the prime factors of 885781.
13, 61, 1117
What are the prime factors of 14308174?
2, 31, 89, 2593
What are the prime factors of 34188?
2, 3, 7, 11, 37
What are the prime factors of 7068126?
2, 3, 13, 90617
List the prime factors of 1017040.
2, 5, 12713
List the prime factors of 20452520.
2, 5, 11, 23, 43, 47
List the prime factors of 4622306.
2, 13, 139, 1279
What are the prime factors of 466775?
5, 18671
What are the prime factors of 7420106?
2, 53, 70001
What are the prime factors of 13374485?
5, 31, 86287
What are the prime factors of 5696335?
5, 37, 41, 751
List the prime factors of 74203.
74203
What are the prime factors of 9936510?
2, 3, 5, 331217
List the prime factors of 1221620.
2, 5, 17, 3593
What are the prime factors of 10248914?
2, 13, 47, 8387
What are the prime factors of 1484193?
3, 494731
What are the prime factors of 657631?
13, 50587
List the prime factors of 160374.
2, 3, 26729
What are the prime factors of 3292357?
367, 8971
List the prime factors of 363138.
2, 3, 29, 2087
What are the prime factors of 189352?
2, 23669
What are the prime factors of 455559?
3, 13, 11681
What are the prime factors of 5507451?
3, 611939
List the prime factors of 925431.
3, 13, 61, 389
What are the prime factors of 6323245?
5, 1264649
List the prime factors of 1039318.
2, 7, 61, 1217
List the prime factors of 2435134.
2, 13, 73, 1283
What are the prime factors of 34139?
7, 4877
What are the prime factors of 1017786?
2, 3, 7, 11, 2203
What are the prime factors of 8029217?
7, 31, 163, 227
List the prime factors of 266058.
2, 3, 13, 379
What are the prime factors of 7395498?
2, 3, 11, 41, 911
List the prime factors of 1280364.
2, 3, 23, 4639
What are the prime factors of 174206?
2, 87103
List the prime factors of 9675.
3, 5, 43
List the prime factors of 14835264.
2, 3, 77267
What are the prime factors of 398240?
2, 5, 19, 131
What are the prime factors of 1963802?
2, 19, 51679
What are the prime factors of 28425984?
2, 3, 37013
List the prime factors of 6942051.
3, 37, 6949
List the prime factors of 244240.
2, 5, 43, 71
List the prime factors of 1550279.
31, 43, 1163
What are the prime factors of 14364202?
2, 7182101
List the prime factors of 232770.
2, 3, 5, 7759
What are the prime factors of 42963?
3, 14321
List the prime factors of 21366.
2, 3, 1187
W